 digit of d?
4
Let g(c) = -7*c + 7. What is the tens digit of g(-4)?
3
Let s(t) be the second derivative of t**4/12 + 5*t**3/6 + 5*t**2/2 + 2*t. What is the units digit of s(-4)?
1
Let c(l) = l + 9. What is the tens digit of c(7)?
1
What is the units digit of ((-128)/(-16))/(1/4)?
2
Suppose 4*q + 6*q - 490 = 0. What is the tens digit of q?
4
Let f be (-4)/6 + 408/(-9). Let s = 72 + f. Suppose -4*k + 2*u + 14 = 0, 0*k = -k + 5*u + s. What is the units digit of k?
1
Let s = -7 - -10. What is the units digit of (-3)/(27/(-12))*s?
4
Suppose -2*g = -4*g + 2*v + 30, -g + 3*v = -17. Let k = g + 6. What is the tens digit of k?
2
Suppose -17 = -m + 43. What is the tens digit of m?
6
Let r(n) = -5*n - 3. Let p = -12 + 7. What is the units digit of r(p)?
2
Suppose -2*u - 3*u + 3*a = -19, -3 = -3*u - a. Suppose 2*c - 3*c = -u. Suppose 4*x = 2*z + c*z, 2*x - 12 = -4*z. What is the units digit of z?
2
Suppose 4*r - 59 - 37 = 0. Let f = r + -2. What is the units digit of f?
2
Let q(b) = -b**2 + b. Let p be 3 - (1 + -3) - 3. Let l be q(p). What is the units digit of l + 11 - (0 + 3)?
6
Let n(h) = -h**2 - 3*h + 3. Suppose 2*d + 0 = -6, 4*d = -x + 10. Suppose 5*v - 7 = -x. What is the units digit of n(v)?
3
Let t(d) = d**2 + 4*d - 16. What is the units digit of t(-12)?
0
Let m = 190 - 84. What is the tens digit of m?
0
Suppose -5*w - 7 = -2*z - 0, 4*w - 8 = 5*z. Suppose 5*r + 3*i = 10, 4*r + i - 6*i = 45. Let b = r - w. What is the units digit of b?
8
Suppose 0 = -9*c + 13*c - 244. Suppose 4 = -3*w + c. What is the units digit of w?
9
Let x = 36 + -13. Let g be (11/2)/(3/18). Let z = g - x. What is the tens digit of z?
1
Let u = 0 + 3. Suppose u*h = -15 + 3. Let w(x) = -x**3 - 3*x**2 - x - 5. What is the tens digit of w(h)?
1
Let k = 79 + -74. What is the units digit of k?
5
Suppose z - 6*z = 0. Suppose 3*k = 3*v + 9, -k + z*k + 2*v = -6. Let u(f) = -f + 11. What is the tens digit of u(k)?
1
Let h(z) = -z**2 - 6*z - 6. Let b be h(-4). Suppose b - 11 = l - 5*k, -5*l = -k - 27. What is the units digit of l?
6
Let p be (-2)/(-4)*0 - -5. Suppose -18 = p*y + 22. Let g = -1 - y. What is the units digit of g?
7
Suppose -4*y - 2*v - 2*v = -28, 0 = 5*y - 2*v - 42. Let a = 17 - 15. Suppose m + a = d, y*m - 15 = 3*m. What is the units digit of d?
5
Let w = 752 - 361. What is the tens digit of w?
9
Let x(d) = -d**2 - 13*d - 1. Let r be x(-10). Suppose -y + r = -1. What is the tens digit of y?
3
What is the tens digit of (-3416)/(-98) - (-1)/7?
3
Let k be 40 + -7 + 2 + 2. Suppose 3*z - 17 = -v, 0*z - 2*z + k = 3*v. What is the units digit of v?
1
Let r(w) = w**2 + 7*w + 8. Let c be r(-6). Suppose c*i + 3 = 3*i. Suppose -i*g + 7 = -2*g. What is the units digit of g?
7
Suppose -47 = 4*j + 49. What is the units digit of 0 - ((j - 3) + 1)?
6
Let t = 3 + 1. Suppose 3*v = -t*c + 28, 2*v = c + v. What is the units digit of c?
4
Suppose 2*b = -b + 24. Let s(x) = x**3 - 8*x**2 + 3*x - 8. What is the units digit of s(b)?
6
What is the units digit of -145*(-4)/(-40)*-6?
7
Let g = 7 + -26. Let o = 32 + g. What is the units digit of o?
3
Suppose -3*r + 158 = 2*z + r, -4*z + 368 = -5*r. What is the units digit of z?
7
Let i be (3 - 6)*(-1)/(-3). Let g(s) = -4*s**3 + 2*s + 3*s - 3*s**2 + 2*s**2 - 6*s. What is the units digit of g(i)?
4
Let l = -76 - -127. What is the tens digit of l?
5
Let f(b) = b + 7. What is the units digit of f(0)?
7
Suppose -8*u = -5*u - 249. What is the tens digit of u?
8
Let n(r) = r**2 - r + 1. Let s(j) = j**2. Let g(k) = -2*n(k) + 5*s(k). What is the tens digit of g(2)?
1
Suppose -y = -3*y + 8. Suppose -93 + 21 = -y*s. What is the units digit of s?
8
Let p = -165 - -262. What is the tens digit of p?
9
Let f be 8/(-6)*(-9)/6. Suppose 0*d = f*d - 40. Suppose 3*p + 2*p + d = 5*w, -4*w + 5*p = -15. What is the units digit of w?
5
Suppose -4*r + 634 = 162. What is the hundreds digit of r?
1
Let s = 351 - 126. What is the units digit of s?
5
Suppose 3 = 2*d - d, 78 = v - 3*d. What is the units digit of v?
7
Suppose 0*g = -2*g + 10. Suppose 11 = g*t + 2*w, -3*t - w + 1 = -5. What is the units digit of 6*t/2*2?
6
What is the units digit of (-2721)/(-15) + 4/(-10)?
1
Suppose b + 4*s - 10 = 0, -b + 6 = 2*s - 10. Suppose 26 = 4*a - b. What is the tens digit of a?
1
Let q = -46 - -106. What is the units digit of q?
0
Let b be (14/(-4) - -1)*-2. Suppose -4*j + 15 = -2*d + 3*d, -b*d + 5*j = 0. Suppose -d*z - 24 = -5*z. What is the units digit of z?
2
Let p(c) = c**2 + 5*c + 1. Let o = -7 + 1. Let m be p(o). What is the units digit of m/(-14) + (-10)/(-4)?
2
What is the units digit of (0 + -2 + -1)*20/(-12)?
5
Suppose -1 = 3*j - 2*j. What is the units digit of j/((-1)/3 + 0)?
3
Let u = 21 + -4. What is the tens digit of u?
1
Let x = -32 - -15. Let g = x + 26. What is the units digit of g?
9
Suppose -3*n + 2*y + 0*y + 25 = 0, 5*n - 5 = -4*y. Suppose n*s - 5 = -0*s. What is the units digit of s - 0 - 0/(-7)?
1
Let d = -26 - -70. Let h = 42 + -71. Let c = h + d. What is the units digit of c?
5
Let i be 0 + -1 + (6 - 1). Suppose 5*u = 3*o + 10, i*o = -4*u - 0 + 8. Suppose -u*d = -3*d + 4. What is the units digit of d?
4
Suppose 15 = 6*i - 11*i. Let c(h) = -h**2 - 7*h - 7. Let p be c(-5). Let b = p - i. What is the units digit of b?
6
Let l(s) = -s**2 - 5*s + 4. Let x be l(-6). Suppose -5*z - 2*h + 11 = 0, z + 4 = 2*z + h. What is the units digit of x + -1 + (10 - z)?
6
Let a(r) = -2*r + 1. Suppose -21 = 4*m - 1. What is the tens digit of a(m)?
1
Let o = -120 + 203. What is the units digit of o?
3
Let a = 15 + -11. Suppose p + 4*p = 2*d - 28, -a*p = -4*d + 80. What is the units digit of d?
4
Suppose x = 4*t - 549, 4*t - 3 = -4*x + 521. What is the units digit of t?
6
Let d(r) be the third derivative of -r**4/24 + 4*r**3/3 + 3*r**2. Let f be d(6). Suppose 0 = 2*a - 36 + f. What is the units digit of a?
7
Suppose 4*z + 206 = 3*b, 0 = -0*b + b + 3*z - 47. What is the tens digit of b?
6
Let v = 7 - -2. Let d = 4 + v. What is the units digit of d?
3
Suppose 2*t + 4*h - 3*h - 116 = 0, 2*t - 2*h - 110 = 0. What is the tens digit of t?
5
Let c(x) = -x - 3. Suppose -z - 44 = 4*i, 0 = -i - 2*z + 6*z - 11. What is the units digit of c(i)?
8
Let h(b) = -8*b. Let c be h(1). Let x(w) = -2*w - 10. What is the units digit of x(c)?
6
Suppose 2*k - 15 = -k. Suppose 3*c + 4*f = 35, -4*c + 24 = k*f - 22. What is the units digit of c?
9
Let j = 10 - 6. Suppose j*v + v - 10 = 0. Suppose 0 = -v*f - 0*f + 12. What is the units digit of f?
6
Let f(s) be the first derivative of s**3/3 - 3*s**2/2 - 3*s + 1. Let z = -2 - 0. What is the units digit of f(z)?
7
Suppose -4*z + 5 - 45 = 0. What is the tens digit of (-368)/z - (-3)/15?
3
Let g = 266 - 134. What is the units digit of g?
2
Let l = -23 + 28. Suppose 0 = -l*z + 215 - 0. What is the tens digit of z?
4
Let o be (-23)/2*-2*-1. Let d = -12 - o. What is the units digit of d?
1
Let q(l) = l**2 + 7 - 3*l - l - 4*l + l. What is the units digit of q(8)?
5
Let i = 26 - -4. Suppose -3*f = -6, 2*m - 42 = -4*f + i. What is the tens digit of m?
3
Let f(a) = 3*a**2 + 12*a - 1. Let y(q) = -q**2 - q + 1. Let g(z) = f(z) + 2*y(z). What is the units digit of g(-10)?
1
Let w = -2 - -2. Suppose 4*f - 39 + 7 = w. Let g = f + 0. What is the units digit of g?
8
Suppose 0 = 5*q - 2*f - 2 - 3, -2*q + f = -1. What is the units digit of q?
3
What is the units digit of (-5 + 3)/(2/(-19))?
9
Suppose 4*f - 2*f = 4*l - 10, l = f + 7. What is the units digit of (-3)/f - 59/(-3)?
0
Let q(o) = 3*o**2 + 4*o - 4. Let i(g) = g**3 + 8*g**2 - 8*g + 5. Let f be i(-9). What is the units digit of q(f)?
8
Let w = 17 - 12. Suppose 4*d + d + 25 = 3*s, -5*s + w*d = -25. What is the units digit of (-2 - 0) + s + 4?
2
Let t(z) = 2*z**2 - z - 2. What is the units digit of t(-4)?
4
Let u = -4 + 6. Suppose -w = k + 7, u*k - w + 0 = -2. What is the units digit of (2/k)/(1/(-12))?
8
Suppose 0 = -5*t + 15, 8*y - 30 = 5*y + 3*t. What is the tens digit of y?
1
Suppose -10*t + 7*t + 3 = 0. What is the units digit of t?
1
Let u(l) = l**2 - 5*l - 7. Let t be u(6). Let z = t + 5. Suppose -i = m - 6, 3*m + 2*m + z*i = 28. What is the units digit of m?
4
What is the units digit of (-12 - -15)/(0 + 1)?
3
Let l(o) = -o**2 + 10*o - 6. Let d = 10 + -1. What is the units digit of l(d)?
3
Let y = -7 + 10. Suppose 16